{"id":296,"date":"2018-11-01T21:57:08","date_gmt":"2018-11-01T20:57:08","guid":{"rendered":"https:\/\/carokez.sk\/?page_id=296"},"modified":"2018-11-01T23:16:04","modified_gmt":"2018-11-01T22:16:04","slug":"photos-in-albums","status":"publish","type":"page","link":"https:\/\/carokez.sk\/index.php\/photos-in-albums\/","title":{"rendered":"N\u00e1h\u013ead albumu"},"content":{"rendered":"<p><a href=\"https:\/\/carokez.sk\/index.php\/galeria\/\">Sp\u00e4\u0165 na gal\u00e9riu<\/a><br \/>\n<\/p>\n<p><a href=\"https:\/\/carokez.sk\/index.php\/galeria\/\">Sp\u00e4\u0165 na gal\u00e9riu<\/a><\/p>\n","protected":false},"excerpt":{"rendered":"<p>Sp\u00e4\u0165 na gal\u00e9riu Sp\u00e4\u0165 na gal\u00e9riu<\/p>\n","protected":false},"author":1,"featured_media":0,"parent":0,"menu_order":0,"comment_status":"closed","ping_status":"closed","template":"","meta":{"ngg_post_thumbnail":0},"_links":{"self":[{"href":"https:\/\/carokez.sk\/index.php\/wp-json\/wp\/v2\/pages\/296"}],"collection":[{"href":"https:\/\/carokez.sk\/index.php\/wp-json\/wp\/v2\/pages"}],"about":[{"href":"https:\/\/carokez.sk\/index.php\/wp-json\/wp\/v2\/types\/page"}],"author":[{"embeddable":true,"href":"https:\/\/carokez.sk\/index.php\/wp-json\/wp\/v2\/users\/1"}],"replies":[{"embeddable":true,"href":"https:\/\/carokez.sk\/index.php\/wp-json\/wp\/v2\/comments?post=296"}],"version-history":[{"count":4,"href":"https:\/\/carokez.sk\/index.php\/wp-json\/wp\/v2\/pages\/296\/revisions"}],"predecessor-version":[{"id":312,"href":"https:\/\/carokez.sk\/index.php\/wp-json\/wp\/v2\/pages\/296\/revisions\/312"}],"wp:attachment":[{"href":"https:\/\/carokez.sk\/index.php\/wp-json\/wp\/v2\/media?parent=296"}],"curies":[{"name":"wp","href":"https:\/\/api.w.org\/{rel}","templated":true}]}}