{"id":359,"date":"2018-11-15T09:11:19","date_gmt":"2018-11-15T08:11:19","guid":{"rendered":"https:\/\/carokez.sk\/?page_id=359"},"modified":"2018-11-15T11:34:53","modified_gmt":"2018-11-15T10:34:53","slug":"skorpiony","status":"publish","type":"page","link":"https:\/\/carokez.sk\/index.php\/skorpiony\/","title":{"rendered":"\u0160korpi\u00f3ny"},"content":{"rendered":"<p><strong>\u0160korpi\u00f3ny<\/strong><\/p>\n<p>Chlapci 10-13 rokov \u2013 miesto stretnutia Dunajsk\u00e1 Lu\u017en\u00e1 (klub Ostrov)\u00a0 Utorok 17:00-18:30<br \/>\n<strong>radca: Panda<\/strong><\/p>\n<p>\u0160korpi\u00f3na sme si ako symbol v na\u0161ej dru\u017eine zvolili preto, \u017ee na\u0161a dru\u017eina vznikla v novembri, kedy na hviezdnej oblohe vl\u00e1dne pr\u00e1ve toto s\u00fahvezdie. Okrem toho sme na na\u0161ej prvej dru\u017einovke 13.11.2018 zistili, \u017ee hne\u010f traja \u010dlenovia na\u0161ej dru\u017einy sa narodili pr\u00e1ve v tomto znamen\u00ed a i ke\u010f never\u00edme na horoskopy, lebo \u010di je niekto dobr\u00fd, m\u00fadry a \u0161ikovn\u00fd z\u00e1vis\u00ed viac od jeho \u00fasilia, ako od postavenia hviezd na oblohe, tak sa n\u00e1m tento n\u00e1zov zap\u00e1\u010dil.<\/p>\n<p>\u0160korpi\u00f3ny s\u00fa relat\u00edvne mal\u00e9 tvory, ktor\u00e9 pri h\u013eadan\u00ed potravy preb\u00e1daj\u00fa r\u00f4zne skryt\u00e9 miesta. S nads\u00e1zkou by sa teda dalo poveda\u0165, \u017ee miluj\u00fa z\u00e1hady, radi veci sk\u00famaj\u00fa a prenikaj\u00fa do podstaty vec\u00ed.<br \/>\n\u0160korpi\u00f3n je vyzbrojen\u00fd dvoma mocn\u00fdmi klepetami a jedovat\u00fdm ost\u0148om na chvoste. Obrnen\u00fd je siln\u00fdm pancierom a je teda jasn\u00e9, \u017ee \u0161korpi\u00f3n chce za ka\u017ed\u00fdch okolnost\u00ed vyhr\u00e1va\u0165.<br \/>\nAj na\u0161ou ve\u013ekou t\u00fa\u017ebou je by\u0165 najlep\u0161\u00ed.<\/p>\n","protected":false},"excerpt":{"rendered":"<p>\u0160korpi\u00f3ny Chlapci 10-13 rokov \u2013 miesto stretnutia Dunajsk\u00e1 Lu\u017en\u00e1 (klub Ostrov)\u00a0 Utorok 17:00-18:30 radca: Panda \u0160korpi\u00f3na sme si ako symbol v na\u0161ej dru\u017eine zvolili preto, \u017ee na\u0161a dru\u017eina vznikla v novembri, kedy na hviezdnej oblohe vl\u00e1dne pr\u00e1ve toto s\u00fahvezdie. Okrem toho sme na na\u0161ej prvej dru\u017einovke 13.11.2018 zistili, \u017ee hne\u010f traja \u010dlenovia na\u0161ej dru\u017einy sa &hellip;<br \/><a href=\"https:\/\/carokez.sk\/index.php\/skorpiony\/\" class=\"more-link pen_button pen_element_default pen_icon_arrow_double\">\u010c\u00edta\u0165 \u010falej <span class=\"screen-reader-text\">\u0160korpi\u00f3ny<\/span><\/a><\/p>\n","protected":false},"author":1,"featured_media":0,"parent":0,"menu_order":0,"comment_status":"closed","ping_status":"closed","template":"","meta":{"ngg_post_thumbnail":0},"_links":{"self":[{"href":"https:\/\/carokez.sk\/index.php\/wp-json\/wp\/v2\/pages\/359"}],"collection":[{"href":"https:\/\/carokez.sk\/index.php\/wp-json\/wp\/v2\/pages"}],"about":[{"href":"https:\/\/carokez.sk\/index.php\/wp-json\/wp\/v2\/types\/page"}],"author":[{"embeddable":true,"href":"https:\/\/carokez.sk\/index.php\/wp-json\/wp\/v2\/users\/1"}],"replies":[{"embeddable":true,"href":"https:\/\/carokez.sk\/index.php\/wp-json\/wp\/v2\/comments?post=359"}],"version-history":[{"count":2,"href":"https:\/\/carokez.sk\/index.php\/wp-json\/wp\/v2\/pages\/359\/revisions"}],"predecessor-version":[{"id":363,"href":"https:\/\/carokez.sk\/index.php\/wp-json\/wp\/v2\/pages\/359\/revisions\/363"}],"wp:attachment":[{"href":"https:\/\/carokez.sk\/index.php\/wp-json\/wp\/v2\/media?parent=359"}],"curies":[{"name":"wp","href":"https:\/\/api.w.org\/{rel}","templated":true}]}}