{"id":695,"date":"2020-06-06T17:12:32","date_gmt":"2020-06-06T15:12:32","guid":{"rendered":"https:\/\/carokez.sk\/?page_id=695"},"modified":"2020-06-06T17:16:23","modified_gmt":"2020-06-06T15:16:23","slug":"tigri","status":"publish","type":"page","link":"https:\/\/carokez.sk\/index.php\/tigri\/","title":{"rendered":"Tigri"},"content":{"rendered":"\n<p><strong>Tigri<\/strong><\/p>\n\n\n\n<p>Chlapci 6-9 rokov \u2013 miesto stretnutia Dunajsk\u00e1 Lu\u017en\u00e1\u00a0 <br>Piatok 17:00-18:30<br><strong>radca: Jacho<\/strong><\/p>\n","protected":false},"excerpt":{"rendered":"<p>Tigri Chlapci 6-9 rokov \u2013 miesto stretnutia Dunajsk\u00e1 Lu\u017en\u00e1\u00a0 Piatok 17:00-18:30radca: Jacho<\/p>\n","protected":false},"author":1,"featured_media":0,"parent":0,"menu_order":0,"comment_status":"closed","ping_status":"closed","template":"","meta":{"ngg_post_thumbnail":0},"_links":{"self":[{"href":"https:\/\/carokez.sk\/index.php\/wp-json\/wp\/v2\/pages\/695"}],"collection":[{"href":"https:\/\/carokez.sk\/index.php\/wp-json\/wp\/v2\/pages"}],"about":[{"href":"https:\/\/carokez.sk\/index.php\/wp-json\/wp\/v2\/types\/page"}],"author":[{"embeddable":true,"href":"https:\/\/carokez.sk\/index.php\/wp-json\/wp\/v2\/users\/1"}],"replies":[{"embeddable":true,"href":"https:\/\/carokez.sk\/index.php\/wp-json\/wp\/v2\/comments?post=695"}],"version-history":[{"count":2,"href":"https:\/\/carokez.sk\/index.php\/wp-json\/wp\/v2\/pages\/695\/revisions"}],"predecessor-version":[{"id":699,"href":"https:\/\/carokez.sk\/index.php\/wp-json\/wp\/v2\/pages\/695\/revisions\/699"}],"wp:attachment":[{"href":"https:\/\/carokez.sk\/index.php\/wp-json\/wp\/v2\/media?parent=695"}],"curies":[{"name":"wp","href":"https:\/\/api.w.org\/{rel}","templated":true}]}}