{"id":86,"date":"2018-10-08T13:01:52","date_gmt":"2018-10-08T11:01:52","guid":{"rendered":"https:\/\/carokez.sk\/?page_id=86"},"modified":"2018-11-20T14:37:07","modified_gmt":"2018-11-20T13:37:07","slug":"druzina-4","status":"publish","type":"page","link":"https:\/\/carokez.sk\/index.php\/oddiely\/druzina-4\/","title":{"rendered":"Hviezdi\u010dky"},"content":{"rendered":"<p><strong>Hviezdi\u010dky<\/strong><\/p>\n<p>Diev\u010dat\u00e1 6-9 rokov \u2013 miesto stretnutia Dunajsk\u00e1 Lu\u017en\u00e1 (Klub Ostrov) \u2013 Piatok 17:00-18:30<br \/>\nradca: Beba + Barborka<\/p>\n","protected":false},"excerpt":{"rendered":"<p>Hviezdi\u010dky Diev\u010dat\u00e1 6-9 rokov \u2013 miesto stretnutia Dunajsk\u00e1 Lu\u017en\u00e1 (Klub Ostrov) \u2013 Piatok 17:00-18:30 radca: Beba + Barborka<\/p>\n","protected":false},"author":1,"featured_media":0,"parent":36,"menu_order":0,"comment_status":"closed","ping_status":"closed","template":"","meta":{"ngg_post_thumbnail":0},"_links":{"self":[{"href":"https:\/\/carokez.sk\/index.php\/wp-json\/wp\/v2\/pages\/86"}],"collection":[{"href":"https:\/\/carokez.sk\/index.php\/wp-json\/wp\/v2\/pages"}],"about":[{"href":"https:\/\/carokez.sk\/index.php\/wp-json\/wp\/v2\/types\/page"}],"author":[{"embeddable":true,"href":"https:\/\/carokez.sk\/index.php\/wp-json\/wp\/v2\/users\/1"}],"replies":[{"embeddable":true,"href":"https:\/\/carokez.sk\/index.php\/wp-json\/wp\/v2\/comments?post=86"}],"version-history":[{"count":3,"href":"https:\/\/carokez.sk\/index.php\/wp-json\/wp\/v2\/pages\/86\/revisions"}],"predecessor-version":[{"id":365,"href":"https:\/\/carokez.sk\/index.php\/wp-json\/wp\/v2\/pages\/86\/revisions\/365"}],"up":[{"embeddable":true,"href":"https:\/\/carokez.sk\/index.php\/wp-json\/wp\/v2\/pages\/36"}],"wp:attachment":[{"href":"https:\/\/carokez.sk\/index.php\/wp-json\/wp\/v2\/media?parent=86"}],"curies":[{"name":"wp","href":"https:\/\/api.w.org\/{rel}","templated":true}]}}